46 a factor of 920?
True
Is 792 a multiple of 72?
True
Is 301 a multiple of 7?
True
Is 192 a multiple of 3?
True
Does 12 divide 1080?
True
Does 81 divide 792?
False
Is 782 a multiple of 42?
False
Is 17 a factor of 645?
False
Does 6 divide 13908?
True
Is 4280 a multiple of 107?
True
Does 4 divide 284?
True
Is 179 a factor of 138367?
True
Is 3 a factor of 654?
True
Is 52 a factor of 104?
True
Is 31 a factor of 15172?
False
Is 459 a multiple of 51?
True
Is 435 a multiple of 13?
False
Is 24 a factor of 720?
True
Does 115 divide 12572?
False
Is 20 a factor of 13880?
True
Does 9 divide 6336?
True
Is 46 a factor of 51796?
True
Is 572 a multiple of 4?
True
Does 22 divide 1058?
False
Is 310 a multiple of 9?
False
Does 42 divide 4998?
True
Is 1092 a multiple of 39?
True
Is 1282 a multiple of 26?
False
Is 24145 a multiple of 197?
False
Is 14469 a multiple of 13?
True
Is 27 a factor of 1697?
False
Is 80 a factor of 22960?
True
Does 19 divide 551?
True
Does 11 divide 22?
True
Is 1636 a multiple of 38?
False
Is 8 a factor of 416?
True
Is 12776 a multiple of 56?
False
Is 17 a factor of 10366?
False
Does 127 divide 6223?
True
Is 18 a factor of 5994?
True
Does 183 divide 9333?
True
Is 22 a factor of 1628?
True
Is 2564 a multiple of 22?
False
Does 71 divide 923?
True
Does 61 divide 2562?
True
Does 64 divide 6944?
False
Does 18 divide 1321?
False
Is 5980 a multiple of 23?
True
Does 40 divide 80?
True
Is 35 a multiple of 4?
False
Is 25407 a multiple of 27?
True
Does 10 divide 892?
False
Is 827 a multiple of 16?
False
Is 5 a factor of 268?
False
Does 9 divide 11829?
False
Does 20 divide 509?
False
Does 47 divide 1363?
True
Is 13 a factor of 156?
True
Is 44310 a multiple of 70?
True
Is 25 a factor of 7550?
True
Does 10 divide 4700?
True
Is 3578 a multiple of 123?
False
Is 29 a factor of 865?
False
Is 127 a factor of 2921?
True
Is 100 a factor of 3640?
False
Is 78 a multiple of 39?
True
Is 13 a factor of 1871?
False
Does 9 divide 1170?
True
Does 2 divide 156?
True
Is 106 a factor of 900?
False
Is 9 a factor of 504?
True
Is 156 a multiple of 26?
True
Is 2 a factor of 1127?
False
Is 352 a multiple of 28?
False
Does 25 divide 13703?
False
Does 8 divide 34079?
False
Is 161 a factor of 63595?
True
Is 25 a factor of 13178?
False
Is 10479 a multiple of 62?
False
Does 24 divide 4593?
False
Is 14564 a multiple of 22?
True
Is 17138 a multiple of 22?
True
Is 340 a multiple of 8?
False
Is 42 a factor of 6888?
True
Does 2 divide 1468?
True
Does 15 divide 7952?
False
Is 3 a factor of 90?
True
Does 41 divide 2665?
True
Is 68 a factor of 1438?
False
Is 2 a factor of 623?
False
Does 9 divide 1211?
False
Is 42 a factor of 420?
True
Is 14 a factor of 28252?
True
Is 17 a factor of 35343?
True
Is 17 a factor of 270?
False
Is 40 a factor of 1720?
True
Does 5 divide 170?
True
Is 18 a factor of 224?
False
Is 12 a factor of 1410?
False
Is 6 a factor of 468?
True
Does 18 divide 4878?
True
Does 8 divide 3973?
False
Is 1730 a multiple of 24?
False
Is 5 a factor of 330?
True
Is 54 a multiple of 7?
False
Does 22 divide 1250?
False
Is 4700 a multiple of 235?
True
Is 64 a factor of 3840?
True
Is 16 a factor of 6344?
False
Does 23 divide 58823?
False
Is 37440 a multiple of 60?
True
Is 216 a multiple of 6?
True
Is 3 a factor of 1417?
False
Is 569 even?
False
Does 21 divide 7956?
False
Does 46 divide 11352?
False
Is 19931 a multiple of 5?
False
Is 3763 a multiple of 71?
True
Is 71 a factor of 4832?
False
Is 243 a factor of 110171?
False
Does 7 divide 721?
True
Is 15132 a multiple of 194?
True
Is 3 a factor of 72?
True
Does 11 divide 40480?
True
Is 13 a factor of 4691?
False
Is 30552 a multiple of 8?
True
Does 73 divide 1387?
True
Is 60 a multiple of 3?
True
Is 64 a factor of 1022?
False
Is 37 a factor of 9256?
False
Does 27 divide 12906?
True
Does 12 divide 1967?
False
Does 23 divide 3869?
False
Is 406 a multiple of 8?
False
Does 33 divide 2970?
True
Is 22 a factor of 1848?
True
Is 9 a factor of 17831?
False
Is 7680 even?
True
Is 144 a multiple of 15?
False
Does 11 divide 10307?
True
Does 11 divide 84092?
False
Is 1886 a multiple of 32?
False
Does 31 divide 391?
False
Does 81 divide 1007?
False
Does 71 divide 30388?
True
Does 17 divide 27372?
False
Is 38 a factor of 567?
False
Is 9 a factor of 5013?
True
Does 9 divide 3753?
True
Does 316 divide 46136?
True
Is 23 a factor of 2783?
True
Is 45832 a multiple of 8?
True
Is 1560 a multiple of 6?
True
Is 78 a factor of 1609?
False
Does 9 divide 1813?
False
Is 417 a multiple of 22?
False
Is 250 a multiple of 3?
False
Is 4641 a multiple of 7?
True
Is 12060 a multiple of 10?
True
Does 15 divide 1119?
False
Does 5 divide 10?
True
Does 175 divide 15050?
True
Is 2 a factor of 21083?
False
Does 6 divide 5826?
True
Is 24 a factor of 149227?
False
Is 5 a factor of 170?
True
Is 171 a factor of 21261?
False
Is 46 a factor of 79994?
True
Does 12 divide 388?
False
Does 17 divide 1614?
False
Is 83334 a multiple of 17?
True
Does 15 divide 16215?
True
Is 1280 a multiple of 10?
True
Is 28 a factor of 47348?
True
Is 4 a factor of 2841?
False
Is 6958 a multiple of 49?
True
Is 6 a factor of 520?
False
Is 505 a multiple of 11?
False
Does 209 divide 20392?
False
Does 21 divide 6111?
True
Is 688 a multiple of 13?
False
Does 5 divide 6991?
False
Does 28 divide 616?
True
Is 700 a multiple of 4?
True
Does 24 divide 26987?
False
Is 4 a factor of 1671?
False
Does 12 divide 2554?
False
Does 2 divide 51?
False
Does 14 divide 468?
False
Is 3 a factor of 82?
False
Is 12 a factor of 228?
True
Is 82017 a multiple of 6?
False
Does 62 divide 2480?
True
Does 10 divide 19380?
True
Does 103 divide 3399?
True
Is 163 a factor of 8190?
False
Is 1181 a multiple of 3?
False
Is 33 a factor of 30541?
False
Does 20 divide 4716?
False
Does 9 divide 729?
True
Is 360 a multiple of 8?
True
Is 18 a factor of 23144?
False
Is 31346 a multiple of 49?
False
Is 3 a factor of 17197?
False
Is 1248 a multiple of 12?
True
Is 9 a factor of 513?
True
Is 32 a factor of 62304?
True
Is 10 a factor of 16408?
False
Does 10 divide 11008?
False
Does 21 divide 14532?
True
Does 5 divide 235?
True
Is 26 a factor of 52?
True
Does 31 divide 393?
False
Is 10 a factor of 7470?
True
Does 23 divide 74589?
True
Is 924 a multiple of 14?
True
Is 246 a multiple of 9?
False
Is 120 a multiple of 27?
False
Is 7 a factor of 1974?
True
Does 170 divide 15285?
False
Is 19 a factor of 627?
True
Does 45 divide 35816?
False
Does 10 divide 21310?
True
Does 6 divide 330?
True
Is 95 a factor of 12156?
False
Is 16184 a multiple of 8?
True
Does 57 divide 3145?
False
Is 37 a factor of 279?
False
Is 5 a factor of 210?
True
Is 19 a factor of 285?
True
Does 73 divide 3431?
True
Is 16 a factor of 2133?
False
Does 53 divide 4664?
True
Is 54 a factor of 3780?
True
Does 12 divide 3348?
True
Is 34160 a multiple of 122?
True
Is 234 a multiple of 78?
True
Is 108 a multiple of 18?
True
Is 1321 a multiple of 35?
False
Is 138 a multiple of 41?
False
Does 65 divide 3965?
True
Does 4 divide 1693?
False
Does 112 divide 1680?
True
Is 7008 a multiple of 16?
True
Is 684 a multiple of 12?
True
Is 2163 a multiple of 23?
False
Does 12 divide 1764?
True
Is 181 a multiple of 3?
False
Does 36 divide 550?
False
Is 54322 a multiple of 173?
True
Does 71 divide 7242?
True
Is 37 a factor of 55463?
True
Does 4 divide 64?
True
Is 1342 a multiple of 22?
True
Does 21 divide 399?
True
Does 49 divide 1703?
False
Is 115 a multiple of 5?
True
Is 92826 a multiple of 18?
True
Does 5 divide 335?
True
Does 71 divide 568?
True
Does 66 divide 758?
False
Is 873 a multiple of 97?
True
Is 2778 a multiple of 3?
True
Is 272 even?
True
Does 14 divide 1979?
False
Is 715 a multiple of 11?
True
Does 17 divide 5929?
False
Does 15 divide 49590?
True
Does 30 divide 26185?
False
Does 20 divide 292?
False
Is 16 a factor of 32384?
True
Does 12 divide 21435?
False
Is 30148 a multiple of 133?
False
Is 100883 a multiple of 13?
False
Is 3573 a multiple of 13?
False
Is 189 a multiple of 11?
False
Is 7402 a multiple of 18?
False
Does 6 divide 156?
True
Does 18 divide 5850?
True
Does 7 divide 6389?
False
Is 56 a factor of 33264?
True
Is 3 a factor of 152?
False
Does 16 divide 3344?
True
Does 19 divide 897?
False
Is 7800 a multiple of 60?
True
Is 23 a factor of 6905?
False
Does 11 divide 4942?
False
Is 10290 a mult